8
Let o(i) = 3*i**3 - 2*i**2 - 6*i + 1. What is the remainder when o(3) is divided by 17?
12
Calculate the remainder when 52/3*42/28 is divided by 9.
8
Let t be -1*(-10 - (1 - 1)). Suppose 0 = 4*p + t - 90. Calculate the remainder when p is divided by 11.
9
Let a = -30 - -75. Let l(v) = -3*v - 2. Let z be l(-4). Suppose 5 = -5*t - z, 0 = -f - 2*t + 6. Calculate the remainder when a is divided by f.
9
Let h(l) = -l**3 - 3*l**2 - 2*l + 2. Let n be h(-2). Suppose -n*c - 2 = -44. Suppose 11*f - 6*f - 200 = 0. Calculate the remainder when f is divided by c.
19
Suppose 2*d - 4*b = 20, -d + 3 = -4*d - 5*b. Suppose -14 = -2*j + d. What is the remainder when 44 is divided by j?
8
Suppose -x + 4 = 9. Let k(w) = -1. Let m(z) = 4*z - 8. Let f(g) = 6*k(g) - m(g). What is the remainder when f(x) is divided by 12?
10
Suppose 4*v - 464 = 4*g, 2*v - 21 = 4*g + 215. Suppose -3*p = 4*s - v, 4*p - 82 = 2*s + 48. Calculate the remainder when p is divided by 12.
10
Let m(c) = c**2 + 10*c + 2. Let s be m(-10). Suppose -s*k + 0*k + 20 = 0. Calculate the remainder when 29 is divided by k.
9
Let v = 1 + 2. Suppose -v*d = -5*d + 8. Let h = 20 - d. Calculate the remainder when 61 is divided by h.
13
Suppose 5*u + 1 = -4. Let d be (-1 - u) + -3 + 1. Calculate the remainder when 30 is divided by 16 - 2 - (1 - d).
8
Let g(u) = 3*u**3. Suppose 3*d + w = 5*w - 10, 6 = -3*d + 3*w. What is the remainder when g(1) is divided by d?
1
Suppose -2*s = -5*i - 64 - 17, -s - i = -30. What is the remainder when s is divided by 9?
6
Let r(x) = x + 7. Let g = 2 + -2. Suppose 0 = 3*t - 2*h - 4, -3*t + 3*h + 3 = -g*h. Calculate the remainder when t is divided by r(-6).
0
Let h be (15/9)/(2/18). Suppose -5*d + 5 + h = 0. What is the remainder when d is divided by 3?
1
What is the remainder when 2/8*-2*(-17 + -5) is divided by 5?
1
Let d(x) = x**3 + 6*x**2 - 8*x + 7. Calculate the remainder when d(-7) is divided by 6.
2
What is the remainder when 68 is divided by 14 + (3 - (-3 - -2))?
14
Let w(g) = 11*g - 1. Calculate the remainder when 81 is divided by w(2).
18
Suppose -25 = -h + 4*i, -13 = 2*h - 4*i - 63. Calculate the remainder when 35 is divided by h.
10
Suppose 4 + 6 = 5*c. Let q = c - -7. What is the remainder when 16 is divided by q?
7
Let v(n) = -6*n - 32. What is the remainder when v(-11) is divided by 9?
7
Suppose -2*b + 46 = 3*d, -32 = -b + 6*d - 3*d. What is the remainder when 49 is divided by b?
23
Suppose 0 = 4*m + 3*u - 87 - 20, -48 = -m - 5*u. Let v = -18 - -30. What is the remainder when m is divided by v?
11
Suppose 3*p - 2*i = 35, -p + 3 + 27 = 3*i. What is the remainder when 86 is divided by p?
11
What is the remainder when (22/(-4))/((-3)/54) is divided by 20?
19
Let w(c) = -6*c + 5. Let p be w(-6). Let t = p - 22. Calculate the remainder when t is divided by 7.
5
Let j = -15 - -11. Calculate the remainder when 12/(-16) - 203/j is divided by 13.
11
Suppose 19*j = 22*j - 45. Calculate the remainder when j is divided by 4.
3
Suppose -k + 2*k = 17. Let q = k - 3. What is the remainder when q is divided by 5?
4
What is the remainder when 42 is divided by 5/((-20)/8) + 13?
9
Calculate the remainder when (-130)/(-3) - 11/33 is divided by 10.
3
Suppose -357*t = -353*t - 420. Calculate the remainder when t is divided by 54.
51
Suppose 2*a - 4 = 0, 0 = -2*x - 3*a + 12 + 10. What is the remainder when 30 is divided by x?
6
Suppose -5*y = 3*i - 44, -2*y + y = 4*i - 87. What is the remainder when 658/10 + (-27)/(-135) is divided by i?
20
Let n = 3 - 1. Suppose -n*i + 15 = -3*i - 5*t, 2*i = -4*t - 6. Calculate the remainder when i is divided by 2.
1
Suppose 0 = -6*k + 9*k - 57. What is the remainder when 93 is divided by k?
17
Suppose 21 = y - l + 3, -5*y - 4*l = -117. Calculate the remainder when 81 is divided by y.
18
Let l = -8 - -6. Let m = 0 - l. Suppose -m*o + 65 = 3*o. Calculate the remainder when o is divided by 7.
6
Let f(l) = -7*l. Let z be f(-1). Suppose -z*t = -2*t - 110. Calculate the remainder when t is divided by 8.
6
Let p = -47 + 69. What is the remainder when 41 is divided by p?
19
Let x = -2 - -10. Suppose -4*m + x + 8 = 0. What is the remainder when 9 is divided by m?
1
Let v(d) = 30*d + 5. Let w(o) = 6*o + 1. Let z(j) = 2*v(j) - 11*w(j). Let y be z(-1). Suppose 3*h + 20 = y*h. Calculate the remainder when 18 is divided by h.
8
Calculate the remainder when (-6)/((-236)/58 + 4) is divided by 15.
12
Let u = -136 + 231. What is the remainder when u is divided by 16?
15
Suppose 0 = 3*n + 3*l - 23 + 2, 0 = -4*n + l + 48. Suppose -27 + 3 = -4*f. What is the remainder when n is divided by f?
5
Suppose 3*z + g = 29, z + 23 = 2*z + 3*g. Suppose -2*s - 5*w - 35 = -0*s, 0 = -w - 3. Calculate the remainder when z is divided by 4/s + 54/10.
3
Let t = -12 - -17. Suppose -t*w + 8 = -w. Suppose 3*x = -2*u + 4*u - 4, -4*u + 26 = 3*x. Calculate the remainder when w is divided by x.
0
Calculate the remainder when 34 is divided by -2 + (4 - 4) + 9.
6
Let o(v) = 3*v**2 - 3*v - 17. What is the remainder when 34 is divided by o(-3)?
15
Suppose 0 = 5*z - 2*z. Suppose -4*n + 5*n - 62 = z. Let l = 18 + 3. What is the remainder when n is divided by l?
20
Calculate the remainder when 31 is divided by 4/15*-6*-5.
7
Let l = 4 - 4. Suppose -x - x + 16 = l. Let z(f) = -f**2 - 8*f - 2. What is the remainder when z(-4) is divided by x?
6
Suppose 5*z - x = 23 + 31, 3*z = 4*x + 29. Let p(l) = l**3 - 3*l + 2. Let g be p(3). Suppose 2*f - 3*f = -g. What is the remainder when f is divided by z?
9
Calculate the remainder when 132 is divided by 42/7*(-2 + (-26)/(-4)).
24
What is the remainder when 93 is divided by (-1605)/(-50) - (-3)/(-30)?
29
Let v = 38 + -23. What is the remainder when 27 is divided by v?
12
Let c = -3 + 6. Suppose -f - 84 = -c*f. What is the remainder when f is divided by 15?
12
Let m = 14 + -10. Suppose -f - m*c = -53, 4 + 0 = c. What is the remainder when f is divided by 19?
18
Let g(q) = 6*q. Let f be g(1). Suppose 50 = f*s - s. Calculate the remainder when 28 is divided by s.
8
Suppose -2*u = 3*d + 22, 5*u - d + 6 = 3*u. Let z(s) = -5*s - 4. Calculate the remainder when 40 is divided by z(u).
19
Suppose 4*b - 4 = -24. Let w be ((-928)/40)/(2/b). Suppose 4*d - 22 = -p, -w = -4*p - 3*d + 17. What is the remainder when p is divided by 5?
3
Let m(i) = 2*i - 5. Let b be m(4). Suppose 5*n - 2*k = 29, -3*k = -b*n + 21 - 0. Suppose -80 = -n*s - 0*s. What is the remainder when 47 is divided by s?
15
Suppose 3*j = -5*j + 384. What is the remainder when 140 is divided by j?
44
Let u(y) = -2*y**3 + 2*y**2 + 3*y + 2. Let x(c) = 12*c - 2. Calculate the remainder when x(5) is divided by u(-2).
18
Let q(n) = n**3 - 3*n**2 + 3*n - 3. Let s be q(2). Calculate the remainder when 1*19 - 1/(-1) is divided by -3 + 4 - (-5 + s).
6
Let u be (118/(-8))/(3/(-12)). Let c = 83 - u. What is the remainder when 70 is divided by c?
22
Suppose 3*u - 6 = 0, -5*u = -3*y - u + 31. Suppose -10*m = 8 - 518. Calculate the remainder when m is divided by y.
12
Calculate the remainder when ((-10)/(-7))/(3/21) is divided by 6.
4
Let q be 99/2 + 3/6. Suppose -3*y - 2*y + q = 0. What is the remainder when 19 is divided by y?
9
Suppose 3*h - 6 - 6 = 0. Suppose -h*p = 3*x - 2*x - 54, -p + 5*x = -24. What is the remainder when p is divided by 8?
6
Let b(v) = v**2 + 5*v + 6. Suppose f + 4*p = -5 - 9, 0 = f - 3*p. Calculate the remainder when 45 is divided by b(f).
9
Suppose -5*l + 4*l + 4 = 0. Suppose 0 = 4*b - f - 13, -25 = -l*b + f - 4*f. Calculate the remainder when b is divided by 3.
1
Let q = -1 + 1. Suppose 6 = -3*s + 12. Suppose s*g - 5 - 19 = q. What is the remainder when 23 is divided by g?
11
Let z(b) = b**3 + 6*b**2 + 4*b - 7. Let p be z(-5). Calculate the remainder when (-49)/(-5) - p/10 is divided by 6.
4
Let v(d) = -3*d + 6. Let m(f) = -4*f + 5. Let x(c) = -4*m(c) + 5*v(c). Suppose 3*l = 4 + 2. What is the remainder when l is divided by x(-9)?
0
Let l = 16 - 11. Calculate the remainder when 34 is divided by 18/l*(19 - 14).
16
What is the remainder when (12/(-24))/(2/(-116)) is divided by 15?
14
Suppose -4*a + 5*z + 710 = 0, 0 = -3*z + 6 - 0. What is the remainder when a is divided by 46?
42
Let x(f) = -6*f + 2. Calculate the remainder when 14 is divided by x(-1).
6
Suppose 0 = 2*n - 7*n + 30. Let z(a) = -a**3 